278?
False
Is 25 a factor of 125?
True
Is 13 a factor of 334?
False
Does 42 divide 546?
True
Is 404 a multiple of 13?
False
Is 23100 a multiple of 33?
True
Is 9858 a multiple of 93?
True
Is 5383 a multiple of 169?
False
Is 171 a factor of 33768?
False
Does 8 divide 1025?
False
Is 43 a factor of 387?
True
Is 506 a multiple of 6?
False
Is 102 a factor of 42738?
True
Does 23 divide 759?
True
Is 3768 a multiple of 10?
False
Does 42 divide 56520?
False
Is 28 a factor of 5455?
False
Is 741 a multiple of 13?
True
Is 11 a factor of 37477?
True
Is 1696 a multiple of 7?
False
Does 13 divide 25562?
False
Does 10 divide 1420?
True
Is 1029 a multiple of 21?
True
Is 9 a factor of 4627?
False
Does 18 divide 50?
False
Does 3 divide 488?
False
Does 22 divide 2354?
True
Does 12 divide 26580?
True
Is 12182 a multiple of 5?
False
Is 14465 a multiple of 5?
True
Is 6858 a multiple of 41?
False
Is 14194 a multiple of 151?
True
Is 1298 a multiple of 5?
False
Is 121 a factor of 20613?
False
Is 16500 a multiple of 20?
True
Does 40 divide 960?
True
Is 15770 a multiple of 19?
True
Is 2 a factor of 641?
False
Does 105 divide 9765?
True
Is 85392 a multiple of 307?
False
Is 3330 a multiple of 9?
True
Is 65 a factor of 28034?
False
Is 26 a multiple of 26?
True
Is 29 a factor of 4488?
False
Is 8196 a multiple of 105?
False
Is 198 a multiple of 3?
True
Does 7 divide 2445?
False
Is 7 a factor of 4280?
False
Does 13 divide 52628?
False
Is 81 a factor of 478?
False
Does 203 divide 21518?
True
Is 37380 a multiple of 28?
True
Is 8 a factor of 1072?
True
Is 12 a factor of 1018?
False
Is 10 a factor of 44?
False
Does 56 divide 9688?
True
Is 31018 a multiple of 25?
False
Is 91 a multiple of 13?
True
Is 143 even?
False
Is 2 a factor of 1995?
False
Is 847 a multiple of 11?
True
Is 109 a multiple of 5?
False
Is 1904 a multiple of 13?
False
Is 485 a multiple of 63?
False
Does 327 divide 15180?
False
Is 57 a factor of 456?
True
Does 35 divide 6551?
False
Is 1288 a multiple of 28?
True
Does 12 divide 1301?
False
Does 11 divide 433?
False
Is 32675 a multiple of 11?
False
Is 18 a factor of 5868?
True
Does 24 divide 2453?
False
Is 869 a multiple of 9?
False
Is 24679 a multiple of 15?
False
Is 29 a factor of 136909?
True
Is 2245 even?
False
Is 6 a factor of 3456?
True
Is 2 a factor of 587?
False
Is 1701 a multiple of 21?
True
Is 1884 a multiple of 6?
True
Does 3 divide 1279?
False
Is 2596 a multiple of 62?
False
Is 5 a factor of 141?
False
Does 257 divide 8439?
False
Does 33 divide 3267?
True
Is 4 a factor of 30898?
False
Is 7709 a multiple of 4?
False
Does 104 divide 14464?
False
Does 98 divide 1012?
False
Is 4470 a multiple of 15?
True
Is 106 a factor of 14739?
False
Does 29 divide 68063?
True
Is 2200 a multiple of 20?
True
Is 371 a multiple of 14?
False
Is 32976 a multiple of 8?
True
Does 9 divide 16?
False
Is 21 a factor of 8945?
False
Is 345 a multiple of 5?
True
Does 90 divide 1440?
True
Does 13 divide 2327?
True
Does 12 divide 18528?
True
Does 143 divide 21307?
True
Is 4 a factor of 1428?
True
Is 30 a factor of 4151?
False
Is 12 a factor of 5899?
False
Is 7946 a multiple of 29?
True
Is 12 a factor of 57?
False
Is 82 a factor of 2030?
False
Is 1989 a multiple of 17?
True
Is 13 a factor of 41591?
False
Does 24 divide 1608?
True
Does 11 divide 1015?
False
Is 593 a multiple of 30?
False
Does 96 divide 10464?
True
Does 85 divide 1955?
True
Does 4 divide 5641?
False
Is 870 a multiple of 30?
True
Is 1088 even?
True
Is 2 a factor of 98?
True
Does 138 divide 24519?
False
Is 21132 a multiple of 35?
False
Is 120 a factor of 40856?
False
Is 49260 a multiple of 12?
True
Is 6 a factor of 96?
True
Is 13 a factor of 351?
True
Is 62 a factor of 29574?
True
Is 460 a multiple of 4?
True
Is 7924 a multiple of 66?
False
Is 2 a factor of 83?
False
Does 434 divide 124558?
True
Does 40 divide 320?
True
Is 59435 a multiple of 276?
False
Is 336 a multiple of 56?
True
Does 12 divide 2532?
True
Is 4912 a multiple of 35?
False
Does 18 divide 4362?
False
Is 133 a factor of 160398?
True
Is 10 a factor of 28864?
False
Is 7632 a multiple of 16?
True
Is 781 a multiple of 18?
False
Is 666 a multiple of 37?
True
Is 1395 a multiple of 15?
True
Is 54 a factor of 8370?
True
Does 30 divide 1360?
False
Does 53 divide 7314?
True
Is 12 a factor of 3527?
False
Does 13 divide 3766?
False
Is 109 a factor of 673?
False
Is 41301 a multiple of 117?
True
Does 17 divide 50317?
False
Is 2423 a multiple of 24?
False
Is 1353 a multiple of 26?
False
Does 23 divide 10368?
False
Is 873 a multiple of 9?
True
Does 3 divide 915?
True
Does 109 divide 11009?
True
Does 57 divide 798?
True
Does 15 divide 13267?
False
Does 37 divide 3903?
False
Is 4537 a multiple of 44?
False
Is 7 a factor of 196?
True
Is 1188 a multiple of 44?
True
Does 60 divide 2520?
True
Is 62608 a multiple of 7?
True
Does 47 divide 1410?
True
Is 12 a factor of 780?
True
Is 264 a factor of 11088?
True
Is 620 a multiple of 20?
True
Does 32 divide 5568?
True
Is 25 a factor of 15201?
False
Is 83 a factor of 3086?
False
Does 14 divide 1022?
True
Is 1131 a multiple of 4?
False
Is 76 a factor of 45005?
False
Is 18 a factor of 558?
True
Is 140 a multiple of 6?
False
Is 15 a factor of 11955?
True
Is 89 a factor of 21465?
False
Is 21 a factor of 185?
False
Is 393 a multiple of 11?
False
Is 14 a factor of 11340?
True
Is 84 a multiple of 12?
True
Does 13 divide 26?
True
Is 21 a factor of 234?
False
Does 16 divide 17520?
True
Is 1309 even?
False
Does 4 divide 6588?
True
Is 11 a factor of 1430?
True
Is 53 a factor of 38903?
False
Is 22 a factor of 55623?
False
Does 24 divide 216?
True
Is 3261 a multiple of 27?
False
Does 43 divide 817?
True
Is 89 a factor of 43674?
False
Is 12584 a multiple of 88?
True
Is 113 a factor of 22552?
False
Is 87 a factor of 39692?
False
Is 1075 a multiple of 17?
False
Is 33 a multiple of 2?
False
Is 2826 a multiple of 94?
False
Does 75 divide 3075?
True
Is 54 a factor of 4698?
True
Is 505 a multiple of 5?
True
Is 9 a factor of 1058?
False
Does 13 divide 1399?
False
Is 3672 a multiple of 72?
True
Is 12 a factor of 9057?
False
Does 22 divide 1364?
True
Does 13 divide 2893?
False
Does 29 divide 7617?
False
Is 55665 a multiple of 97?
False
Does 22 divide 1650?
True
Does 16 divide 832?
True
Is 148 a factor of 19790?
False
Is 7 a factor of 45141?
False
Does 27 divide 263?
False
Is 2 a factor of 69?
False
Is 5 a factor of 2340?
True
Is 10724 a multiple of 175?
False
Is 4238 a multiple of 26?
True
Does 3 divide 74?
False
Is 5205 a multiple of 15?
True
Does 7 divide 269?
False
Is 12 a factor of 65?
False
Does 9 divide 981?
True
Is 69713 a multiple of 71?
False
Is 24450 a multiple of 10?
True
Is 1322 a multiple of 10?
False
Does 4 divide 948?
True
Is 179036 a multiple of 13?
True
Does 41 divide 29233?
True
Is 10824 a multiple of 33?
True
Is 40 a factor of 403?
False
Is 22589 a multiple of 49?
True
Is 8 a factor of 6000?
True
Is 15026 a multiple of 12?
False
Does 11 divide 96?
False
Is 74 a factor of 26122?
True
Is 14 a factor of 7644?
True
Is 32641 a multiple of 186?
False
Does 110 divide 1971?
False
Is 2470 a multiple of 10?
True
Does 72 divide 1238?
False
Is 22 a factor of 1606?
True
Does 36 divide 2952?
True
Is 30 a factor of 21920?
False
Is 4922 a multiple of 23?
True
Is 19 a factor of 263?
False
Is 3512 a multiple of 8?
True
Is 1236 a multiple of 6?
True
Is 4316 a multiple of 174?
False
Does 13 divide 20168?
False
Is 1547 a multiple of 119?
True
Is 17 a factor of 952?
True
Does 76 divide 14900?
False
Does 55 divide 82730?
False
Is 67024 a multiple of 16?
True
Is 5270 a multiple of 34?
True
Does 2 divide 3543?
False
Is 15616 a multiple of 61?
True
Does 11 divide 429?
True
Is 6 a factor of 946?
False
Is 95379 a multiple of 9?
False
Does 49 divide 8624?
True
Is 6409 a multiple of 62?
False
Is 12024 a multiple of 5?
False
Does 16 divide 656?
True
Is 165 a factor of 3795?
True
Does 8 divide 2544?
True
Does 32 divide 2213?
False
Does 59 divide 1406?
False
Is 2686 a multiple of 34?
True
Is 41 a factor of 25912?
True
Is 20 a factor of 3419?
False
Is 6 a factor of 2217?
False
Is 18 a factor of 65?
False
Is 677 a multiple of 14?
False
Does 20 divide 2191?
False
Is 3155 a multiple of 5?
True
Is 15 a factor of 21259?
False
Does 7 divide 7056?
True
Does 79 divide 74655?
True
Doe